e the remainder when 71718 is divided by 23904.
6
Calculate the remainder when 7211 is divided by 7174.
37
What is the remainder when 12969 is divided by 23?
20
Calculate the remainder when 1662 is divided by 171.
123
What is the remainder when 8467 is divided by 151?
11
What is the remainder when 21254 is divided by 29?
26
What is the remainder when 353735 is divided by 36?
35
What is the remainder when 19337 is divided by 2748?
101
What is the remainder when 54987 is divided by 47?
44
What is the remainder when 25575 is divided by 18?
15
Calculate the remainder when 4442 is divided by 133.
53
What is the remainder when 5363 is divided by 255?
8
Calculate the remainder when 471 is divided by 106.
47
What is the remainder when 4570 is divided by 25?
20
Calculate the remainder when 94778 is divided by 21.
5
What is the remainder when 901 is divided by 13?
4
Calculate the remainder when 2910 is divided by 791.
537
What is the remainder when 2579 is divided by 2538?
41
Calculate the remainder when 5246 is divided by 7.
3
What is the remainder when 3977 is divided by 1939?
99
What is the remainder when 7269 is divided by 3624?
21
Calculate the remainder when 116506 is divided by 17.
5
What is the remainder when 72588 is divided by 18139?
32
What is the remainder when 120904 is divided by 107?
101
What is the remainder when 213027 is divided by 71007?
6
What is the remainder when 116505 is divided by 29114?
49
What is the remainder when 45209 is divided by 62?
11
Calculate the remainder when 18669 is divided by 6126.
291
What is the remainder when 3667359 is divided by 20?
19
What is the remainder when 1434 is divided by 1318?
116
Calculate the remainder when 8704 is divided by 722.
40
Calculate the remainder when 10314 is divided by 8379.
1935
What is the remainder when 1532 is divided by 65?
37
Calculate the remainder when 5849 is divided by 344.
1
Calculate the remainder when 362247 is divided by 875.
872
What is the remainder when 12948 is divided by 14?
12
Calculate the remainder when 405 is divided by 359.
46
Calculate the remainder when 380288 is divided by 42253.
11
What is the remainder when 114477 is divided by 237?
6
What is the remainder when 37872 is divided by 1052?
0
Calculate the remainder when 7074 is divided by 13.
2
What is the remainder when 992 is divided by 284?
140
Calculate the remainder when 14712 is divided by 114.
6
What is the remainder when 195338 is divided by 36?
2
What is the remainder when 11500 is divided by 718?
12
Calculate the remainder when 246311 is divided by 8.
7
What is the remainder when 14078 is divided by 328?
302
What is the remainder when 265570 is divided by 44?
30
Calculate the remainder when 28355 is divided by 174.
167
Calculate the remainder when 854895 is divided by 120.
15
What is the remainder when 127293 is divided by 31812?
45
What is the remainder when 23183 is divided by 1776?
95
Calculate the remainder when 993216 is divided by 265.
261
Calculate the remainder when 54184 is divided by 57.
34
Calculate the remainder when 72902 is divided by 1692.
146
What is the remainder when 1643 is divided by 544?
11
What is the remainder when 19871 is divided by 32?
31
What is the remainder when 2499 is divided by 878?
743
Calculate the remainder when 197640 is divided by 32939.
6
What is the remainder when 20655 is divided by 607?
17
Calculate the remainder when 462 is divided by 213.
36
Calculate the remainder when 932 is divided by 460.
12
Calculate the remainder when 7179344 is divided by 41.
39
Calculate the remainder when 6854 is divided by 785.
574
What is the remainder when 179258 is divided by 1829?
16
Calculate the remainder when 57596 is divided by 1046.
66
Calculate the remainder when 38285 is divided by 1823.
2
Calculate the remainder when 21222 is divided by 419.
272
What is the remainder when 12950 is divided by 2588?
10
What is the remainder when 11511 is divided by 89?
30
What is the remainder when 2974 is divided by 511?
419
What is the remainder when 6494 is divided by 806?
46
What is the remainder when 167264 is divided by 22?
20
Calculate the remainder when 95526 is divided by 31840.
6
What is the remainder when 10312 is divided by 44?
16
What is the remainder when 4019468 is divided by 49?
47
Calculate the remainder when 4758 is divided by 1033.
626
What is the remainder when 82537 is divided by 27512?
1
Calculate the remainder when 292 is divided by 168.
124
Calculate the remainder when 1277 is divided by 345.
242
What is the remainder when 43312 is divided by 95?
87
What is the remainder when 223614 is divided by 113?
100
What is the remainder when 4637 is divided by 42?
17
What is the remainder when 287656 is divided by 17?
16
What is the remainder when 10249 is divided by 650?
499
Calculate the remainder when 2006100 is divided by 71.
66
What is the remainder when 36161 is divided by 266?
251
Calculate the remainder when 732550 is divided by 466.
464
What is the remainder when 4137 is divided by 138?
135
What is the remainder when 14993 is divided by 2787?
1058
What is the remainder when 3515 is divided by 717?
647
Calculate the remainder when 1131087 is divided by 28.
27
What is the remainder when 5355 is divided by 915?
780
Calculate the remainder when 22770 is divided by 245.
230
What is the remainder when 91241 is divided by 13027?
52
What is the remainder when 22583 is divided by 579?
2
What is the remainder when 2756 is divided by 114?
20
What is the remainder when 1599664 is divided by 463?
462
Calculate the remainder when 11716 is divided by 317.
304
Calculate the remainder when 44875 is divided by 493.
12
What is the remainder when 2181 is divided by 1082?
17
What is the remainder when 295133 is divided by 67?
65
Calculate the remainder when 34280 is divided by 8566.
16
Calculate the remainder when 6578 is divided by 22.
0
What is the remainder when 121249 is divided by 30307?
21
Calculate the remainder when 89402 is divided by 43.
5
What is the remainder when 2578 is divided by 686?
520
Calculate the remainder when 278519 is divided by 440.
439
What is the remainder when 9351 is divided by 28?
27
What is the remainder when 9075 is divided by 1293?
24
What is the remainder when 793755 is divided by 820?
815
What is the remainder when 126855 is divided by 628?
627
Calculate the remainder when 43520 is divided by 4.
0
Calculate the remainder when 5788 is divided by 77.
13
What is the remainder when 2374 is divided by 354?
250
What is the remainder when 8794 is divided by 209?
16
Calculate the remainder when 75849 is divided by 25280.
9
Calculate the remainder when 140077 is divided by 881.
879
Calculate the remainder when 959894 is divided by 331.
325
Calculate the remainder when 7442 is divided by 14.
8
What is the remainder when 5805 is divided by 2527?
751
Calculate the remainder when 4861 is divided by 608.
605
Calculate the remainder when 19103 is divided by 97.
91
Calculate the remainder when 89469 is divided by 384.
381
What is the remainder when 87654 is divided by 41?
37
Calculate the remainder when 219742 is divided by 144.
142
What is the remainder when 10952 is divided by 63?
53
What is the remainder when 88327 is divided by 669?
19
What is the remainder when 12685 is divided by 12663?
22
Calculate the remainder when 10777 is divided by 718.
7
Calculate the remainder when 1373 is divided by 362.
287
What is the remainder when 2935 is divided by 484?
31
Calculate the remainder when 11999 is divided by 235.
14
Calculate the remainder when 29910 is divided by 9642.
984
What is the remainder when 64721 is divided by 3406?
7
What is the remainder when 623983 is divided by 2087?
2057
Calculate the remainder when 304485 is divided by 34.
15
What is the remainder when 209975 is divided by 3043?
8
Calculate the remainder when 4569 is divided by 2259.
51
Calculate the remainder when 17961 is divided by 1995.
6
Calculate the remainder when 12708 is divided by 44.
36
What is the remainder when 1100 is divided by 1095?
5
Calculate the remainder when 651 is divided by 184.
99
Calculate the remainder when 31474 is divided by 128.
114
Calculate the remainder when 1003546 is divided by 546.
544
Calculate the remainder when 10021899 is divided by 139.
138
Calculate the re